3*2/(-2736))?
2
Suppose -1631*b + 1633*b = 3*w - 31648, -42159 = -4*w - 5*b. What is the tens digit of w?
4
Let q be 20/10 + (462 - -11). Suppose 0 = -3*k + 2*k + 25. Suppose -20*r - q = -k*r. What is the tens digit of r?
9
Suppose r - 7109 = -i - 0*i, 2*i - 14215 = -3*r. What is the tens digit of ((-9)/6)/((-12)/i)?
8
What is the tens digit of (-4)/((-1)/(-1)) - (-18967 + (-19 - 6))?
8
Suppose 5*y + x + 4 = 0, -2*x + x = 2*y + 4. Suppose y = -20*l + 856 + 9204. What is the hundreds digit of l?
5
Let i = -16167 - -36349. What is the thousands digit of i?
0
Let f(h) = -2*h + 38. Let w be f(-17). Let g = w - 68. Suppose 0 = -4*j + 3*z + 617, 0*j + 2*j - g*z = 316. What is the tens digit of j?
5
Let q(v) = -50*v**3 - 11*v**2 - 31*v + 5. What is the hundreds digit of q(-4)?
1
Suppose -58*c - 1508725 = -87*c. What is the thousands digit of c?
2
Let g = -74 - -83. Suppose 0 = s - g + 27. What is the units digit of 4/s - 165/54*-4?
2
Let v be (-4)/(-1) + 4/(-2). Suppose 0 = -2*z - 2, -v*z - 10 = -2*d - 0*z. Suppose 5*w - 5*r - 365 = 0, d*w - 2*r = -r + 277. What is the units digit of w?
8
Suppose w - 5*h - 2038 - 7252 = 0, h + 46594 = 5*w. What is the hundreds digit of w?
3
Suppose 12*c = 17*c + 2185. Let x = 814 + c. Let r = x + -260. What is the tens digit of r?
1
What is the units digit of (-20 + (-2485)/(-70))/(2/148)?
7
Let r(d) = 49*d - 14. Let g be r(2). Suppose 0 = 5*f - 4*q - 2668, 0 = f - 2*q - 620 + g. What is the hundreds digit of f?
5
Let c = 57350 + -35737. What is the tens digit of c?
1
Let u = 54963 + -18634. What is the ten thousands digit of u?
3
What is the units digit of (0 + -7)*(-460)/(-1610) + (-30070)/(-2)?
3
Let x(l) be the second derivative of -l**5/20 - 11*l**4/12 - l**3/6 + l**2/2 + 18*l. Let v be x(-11). Suppose 112 = 10*i + v. What is the tens digit of i?
1
Suppose -5*k = -5*g - 58825, -11759 = -236*k + 235*k + 2*g. What is the tens digit of k?
7
Let k = -10065 + 20022. What is the hundreds digit of k?
9
Let p(f) = 1279*f + 109. Let x be p(9). Suppose 0 = 18*w - 53*w + x. What is the tens digit of w?
3
Suppose -3*c + 2 = -16. Let s = -47 + 51. Suppose s*q = c*q - 52. What is the units digit of q?
6
Let w(m) = m**2 + 22*m - 139. Let h = -20 + -18. What is the units digit of w(h)?
9
Suppose -20*k + 24 = -12*k. Let n(g) = g**3 - 20 + 8*g**2 + 17 - 2*g**k - 16 + 21*g. What is the tens digit of n(8)?
4
Let z(c) = -c**3 + 12*c**2 - 3*c - 4. Let x be z(5). Let d be (x/(-130))/((-4)/310). Let y = 204 - d. What is the tens digit of y?
1
What is the units digit of (-99123)/(-235) + (-48)/(-40)?
3
Let g = -23749 - -68440. What is the tens digit of g?
9
Let u(n) = -n**2 - 12*n - 30. Let p be u(-8). Let f = -24 + 24. Suppose f = 2*r + 8, p*v + 0*r = -3*r + 238. What is the units digit of v?
5
Suppose -26 + 74 = 4*x. Suppose 0*m = -x*m + 48. Suppose -m*a + 162 - 14 = 0. What is the units digit of a?
7
Let q = 60 - 47. Suppose -7340 = -7*y - q*y. What is the hundreds digit of y?
3
Suppose -8 = -25*j + 67. Suppose j*l - 5*m = 1087, -3*l - 4*m - 1088 = -6*l. What is the hundreds digit of l?
3
What is the hundreds digit of 4 + (26560 - (15 + -17))?
5
Let a(x) = 11*x + 127. Let k be a(-9). What is the tens digit of 1*(-4)/(k/(-11893))?
9
Let q = 27 + -24. Suppose -n = 2*l - 12, 4*n = -q*l + 17 + 6. Suppose 0 = -z + 2*r + 7 + 72, -n*z = -5*r - 161. What is the units digit of z?
3
Let j = -2 - -4. Suppose g - 143 = -j*n, -3*g - 5*n + 213 = -215. What is the units digit of g?
1
Let l = -5832 - -14969. What is the tens digit of l?
3
Let f(d) = d**2 + 9*d + 5. Let n be f(-8). Let h be ((-24)/(-18))/((-1)/n). Let c(i) = 22*i + 1. What is the units digit of c(h)?
9
Let a(y) = y**2 + 7*y + 13. Let b(s) = -2*s**2 + 1. Let c(f) = -a(f) - b(f). Let d be (-11)/(-4)*1*4. What is the units digit of c(d)?
0
What is the units digit of 9/(-6) - -2098*9*(-2)/(-24)?
2
Let j(t) = 933*t + 1025. What is the units digit of j(8)?
9
Suppose 277 = -12*r + 85. Let v = r - 14. What is the tens digit of 2*625/v*-3?
2
What is the tens digit of (7 - -3661)*120/42?
8
Let w = 1154 - 741. Suppose 4*b - f = f + 558, -3*b + w = 4*f. What is the hundreds digit of b?
1
Suppose 2*q + 95*v - 90*v = 7670, 5*q = -3*v + 19175. What is the thousands digit of q?
3
Let a(k) be the first derivative of 10*k**3/3 + 2*k**2 + 20*k + 1. Let x(j) = -j**3 - 9*j**2 - 20*j - 46. Let v be x(-7). What is the tens digit of a(v)?
6
Let w(s) = 3*s**3 - 13*s**2 + 8*s. Let i be w(4). What is the tens digit of 4*(-24)/i - -134?
2
Let t be 3/1*803/219. Suppose 0 = -h - 3*p + 64 + t, -4*h = -p - 287. What is the units digit of h?
2
Suppose 2*t + 7*s - 41119 = 35807, -4*t + 153804 = 2*s. What is the ten thousands digit of t?
3
Suppose -5*z = -0*z - 60. Let p be 2*(z/8 + -1)*3. Suppose -p*l - 11*i + 7*i = -55, 5*l - 57 = 2*i. What is the tens digit of l?
1
Let q = 8093 + -5368. What is the thousands digit of q?
2
Suppose -17*s - 6 = -20*s. Let g(y) = y**2 - 7*y + 8. Let m be g(6). Suppose -2*z + 5*v = m*v - 159, 0 = s*z + 4*v - 194. What is the tens digit of z?
8
Let x(z) = z**3 + 54*z**2 - 11*z + 18. What is the hundreds digit of x(-28)?
7
Let d = 242 - 302. What is the tens digit of d/(-330) - (-9302)/22?
2
Let u(d) = d**3 - 40*d**2 - 96*d + 17. Let c be u(43). Suppose 2*k + 530 - c = 0. What is the units digit of k?
3
Let d be (-2)/(-1) + -1 - -2. Suppose -2*c = -0*c + 6*c + 624. What is the units digit of (-13)/(c/84) - -1*d?
7
Let y(o) = 9911*o - 4015. What is the hundreds digit of y(3)?
7
Let v(m) = m**2 + 2*m + 2. Let t be v(-3). Suppose -h - 77 = 2*b, -t*h - 249 + 54 = 5*b. Let s = 110 + b. What is the tens digit of s?
7
Let b(r) = -5*r - 127. Let a be b(-21). What is the hundreds digit of 0 - (-4)/a - 44250/(-165)?
2
Suppose 0 = -3*y + 33*x - 31*x + 19956, -y - 3*x = -6652. What is the hundreds digit of y?
6
Let g = -29 - -45. Suppose 13*x + 6 = g*x. Suppose -294 = -5*u + w, 9 = -x*w + 1. What is the tens digit of u?
5
Let q(n) = 769*n**2 - 34*n - 84. What is the hundreds digit of q(-3)?
9
Suppose -16 = 4*b, -13*b - 61920 = -4*c - 18*b. What is the hundreds digit of c?
4
Let m = -12 - -6. Suppose -16*g + 11*g = 2*t - 10, -g - 11 = 3*t. What is the tens digit of g/10 - ((-13740)/(-25))/m?
9
Suppose 0 = -3*m + 5*b, 0 = 3*m - 2*m + 3*b. Suppose m*a - 2265 = -15*a. What is the hundreds digit of a?
1
Suppose -5*v - 2*w = -23870, 5*v + 13*w - 23895 = 16*w. What is the thousands digit of v?
4
Let j(l) = -9*l - 146. Let u be j(-14). What is the hundreds digit of u/90 - (-8516)/9?
9
Suppose 5*u + 2752 = 9*u - 4*b, 3*u + 3*b = 2040. Suppose 5*x - u = -3*v + 241, -197 = -x - 3*v. What is the units digit of x?
2
What is the units digit of (-2 - 9)/(79/(-21251))?
9
Let y = 10722 - 4814. What is the tens digit of y?
0
Suppose -103360 = -122*k + 106*k. Suppose 0 = y + 33*y - k. What is the units digit of y?
0
What is the thousands digit of 49*(-46)/(-21)*(-2 + (-759)/(-6))?
3
Suppose 319*g + 31794 - 163184 = 305*g. What is the thousands digit of g?
9
Let x be ((-10)/12*(-1 - -7))/1. Let y(i) = -i**2 - 1. Let f(u) = -3*u**2 + 7*u - 7. Let k(o) = -f(o) + y(o). What is the units digit of k(x)?
1
Let h be (-2)/(-6) - 56/6. Suppose -4*l + 0*l - 300 = 0. Let j = h - l. What is the units digit of j?
6
Suppose 4*y - 52 = 4*f, 5*f - 4*y + 61 = -3*y. What is the hundreds digit of (f/10)/(360/(-429000))?
4
Let d(s) = 426*s + 10. Let j(u) = 85*u + 2. Let o = -10 + 7. Let b(i) = o*d(i) + 14*j(i). What is the tens digit of b(-1)?
8
Suppose -f - 277 = -164. Let x = f - -230. What is the hundreds digit of x?
1
Suppose 0*i = -3*i - g + 21, 5*g - 45 = -5*i. Let p(z) = z**3 - 8*z**2 + 12*z. Let t be p(i). Suppose -3*r + 149 + 124 = t. What is the units digit of r?
1
Let d be 666/90 + (-2)/5. Suppose -3*q = -2*o - 8, q + 3 = 2*o + d. What is the tens digit of 74 - (-4 + 2 - o)?
7
Suppose 24*i + 29 = 149. Suppose 4*p - 460 = -2*f + 66, 3*p + i*f = 391. What is the tens digit of p?
3
Let q be 12/(-4) - (598 + -4). Let h = q - -1492. What is the hundreds digit of h?
8
Suppose -3*r = 5*j - 108, -5*j + r + 54 + 50 = 0. Suppose j*f = -3965 + 15683. What is the units digit of f?
8
Let a(w) = -3*w**3 - 3*w**2 - w - 1. Let c be (-4)/(-26) - 238/26. Let b be (-4)/14*(16 + c). What is the tens digit of a(b)?
1
Let f(y) = 216*y + 4022. Wh